{"id":6826,"date":"2025-12-16T07:01:00","date_gmt":"2025-12-16T07:01:00","guid":{"rendered":"https:\/\/mission.weiterdev.ch\/veranstaltung\/kuk-cours-de-culture-pour-les-collaborateurs-a-court-terme-2-2026\/"},"modified":"2025-12-16T07:01:00","modified_gmt":"2025-12-16T07:01:00","slug":"kuk-cours-de-culture-pour-les-collaborateurs-a-court-terme-2-2026","status":"publish","type":"veranstaltung","link":"https:\/\/mission.weiterdev.ch\/fr\/veranstaltung\/kuk-cours-de-culture-pour-les-collaborateurs-a-court-terme-2-2026\/","title":{"rendered":"KUK - Cours de culture pour les collaborateurs \u00e0 court terme 2\/2026"},"content":{"rendered":"<div class=\"wpb_text_column wpb_content_element \">\n<div class=\"wpb_wrapper\">\n<p><strong>Vous envisagez une mission de courte dur\u00e9e dans une autre culture ?<\/strong><\/p>\n<p>Le KuK vous offre la meilleure pr\u00e9paration possible ! Seul ou en groupe, vous abordez des questions tr\u00e8s vari\u00e9es. <\/p>\n<ul>\n<li>En quoi notre culture diff\u00e8re-t-elle des autres ?<\/li>\n<li>Comment surmonter un choc culturel ?<\/li>\n<li>Comment rester globalement en bonne sant\u00e9 dans un environnement totalement nouveau ?<\/li>\n<li>Comment puis-je renforcer ma relation avec Dieu et<\/li>\n<li>comment me comporter si je mets les pieds dans le plat ou si je me retrouve dans une situation de conflit ?<\/li>\n<\/ul>\n<p>Pour plus d&rsquo;informations, voir le <a href=\"https:\/\/aem.ch\/wp-content\/uploads\/2025\/09\/KuK_Flyer-2026.pdf\">d\u00e9pliant<\/a>.<\/p>\n<\/div>\n<\/div>\n","protected":false},"featured_media":5233,"template":"","categories":[32],"class_list":["post-6826","veranstaltung","type-veranstaltung","status-publish","has-post-thumbnail","hentry","categories-kurse"],"acf":[],"publishpress_future_workflow_manual_trigger":{"enabledWorkflows":[]},"_links":{"self":[{"href":"https:\/\/mission.weiterdev.ch\/fr\/wp-json\/wp\/v2\/veranstaltung\/6826","targetHints":{"allow":["GET"]}}],"collection":[{"href":"https:\/\/mission.weiterdev.ch\/fr\/wp-json\/wp\/v2\/veranstaltung"}],"about":[{"href":"https:\/\/mission.weiterdev.ch\/fr\/wp-json\/wp\/v2\/types\/veranstaltung"}],"version-history":[{"count":0,"href":"https:\/\/mission.weiterdev.ch\/fr\/wp-json\/wp\/v2\/veranstaltung\/6826\/revisions"}],"wp:featuredmedia":[{"embeddable":true,"href":"https:\/\/mission.weiterdev.ch\/fr\/wp-json\/wp\/v2\/media\/5233"}],"wp:attachment":[{"href":"https:\/\/mission.weiterdev.ch\/fr\/wp-json\/wp\/v2\/media?parent=6826"}],"wp:term":[{"taxonomy":"categories","embeddable":true,"href":"https:\/\/mission.weiterdev.ch\/fr\/wp-json\/wp\/v2\/categories?post=6826"}],"curies":[{"name":"wp","href":"https:\/\/api.w.org\/{rel}","templated":true}]}}

KUK - Cours de culture pour les collaborateurs à court terme 2/2026

<div class="wpb_text_column wpb_content_element ">
<div class="wpb_wrapper">
<p><strong>Vous envisagez une mission de courte durée dans une autre culture ?</strong></p>
<p>Le KuK vous offre la meilleure préparation possible ! Seul ou en groupe, vous abordez des questions très variées. </p>
<ul>
<li>En quoi notre culture diffère-t-elle des autres ?</li>
<li>Comment surmonter un choc culturel ?</li>
<li>Comment rester globalement en bonne santé dans un environnement totalement nouveau ?</li>
<li>Comment puis-je renforcer ma relation avec Dieu et</li>
<li>comment me comporter si je mets les pieds dans le plat ou si je me retrouve dans une situation de conflit ?</li>
</ul>
<p>Pour plus d&rsquo;informations, voir le <a href="https://aem.ch/wp-content/uploads/2025/09/KuK_Flyer-2026.pdf">dépliant</a>.</p>
</div>
</div>
